 1201?
1
What is the units digit of 3723?
3
What is the units digit of 158929?
9
What is the units digit of 21352?
2
What is the hundreds digit of 28195?
1
What is the tens digit of 2463?
6
What is the hundreds digit of 2343?
3
What is the units digit of 129182?
2
What is the thousands digit of 12503?
2
What is the hundreds digit of 5987?
9
What is the tens digit of 33896?
9
What is the units digit of 638?
8
What is the tens digit of 1094?
9
What is the ten thousands digit of 60055?
6
What is the hundreds digit of 38208?
2
What is the hundreds digit of 1732?
7
What is the units digit of 1554?
4
What is the hundreds digit of 4690?
6
What is the ten thousands digit of 12641?
1
What is the units digit of 4709?
9
What is the tens digit of 1365?
6
What is the thousands digit of 23983?
3
What is the hundred thousands digit of 101959?
1
What is the hundreds digit of 44685?
6
What is the thousands digit of 6745?
6
What is the hundreds digit of 106763?
7
What is the tens digit of 167303?
0
What is the units digit of 25045?
5
What is the units digit of 2827?
7
What is the ten thousands digit of 26914?
2
What is the units digit of 3318?
8
What is the units digit of 12659?
9
What is the hundreds digit of 982?
9
What is the ten thousands digit of 34830?
3
What is the hundreds digit of 66513?
5
What is the thousands digit of 2027?
2
What is the thousands digit of 2214?
2
What is the tens digit of 5993?
9
What is the thousands digit of 3160?
3
What is the tens digit of 439?
3
What is the units digit of 91029?
9
What is the hundreds digit of 452?
4
What is the hundreds digit of 3895?
8
What is the hundreds digit of 569?
5
What is the tens digit of 885?
8
What is the tens digit of 42300?
0
What is the units digit of 17557?
7
What is the units digit of 71864?
4
What is the thousands digit of 36275?
6
What is the tens digit of 3701?
0
What is the thousands digit of 2767?
2
What is the thousands digit of 112708?
2
What is the hundreds digit of 12308?
3
What is the hundred thousands digit of 178891?
1
What is the tens digit of 78746?
4
What is the units digit of 8803?
3
What is the tens digit of 206?
0
What is the hundreds digit of 498?
4
What is the thousands digit of 14156?
4
What is the hundreds digit of 26624?
6
What is the units digit of 172?
2
What is the tens digit of 89088?
8
What is the hundred thousands digit of 111390?
1
What is the tens digit of 2024?
2
What is the ten thousands digit of 31165?
3
What is the tens digit of 13082?
8
What is the units digit of 25?
5
What is the hundreds digit of 881?
8
What is the tens digit of 1076?
7
What is the units digit of 1656?
6
What is the hundreds digit of 8962?
9
What is the thousands digit of 7775?
7
What is the hundred thousands digit of 143065?
1
What is the tens digit of 55106?
0
What is the units digit of 837?
7
What is the tens digit of 6048?
4
What is the hundreds digit of 8941?
9
What is the tens digit of 597?
9
What is the units digit of 6400?
0
What is the units digit of 303?
3
What is the hundreds digit of 1169?
1
What is the hundreds digit of 25596?
5
What is the thousands digit of 1230?
1
What is the units digit of 1333?
3
What is the units digit of 4447?
7
What is the tens digit of 366?
6
What is the tens digit of 693?
9
What is the tens digit of 62465?
6
What is the tens digit of 628?
2
What is the hundreds digit of 641?
6
What is the units digit of 14539?
9
What is the hundreds digit of 11995?
9
What is the tens digit of 267?
6
What is the units digit of 5482?
2
What is the tens digit of 128710?
1
What is the thousands digit of 4839?
4
What is the tens digit of 989?
8
What is the units digit of 230?
0
What is the units digit of 1399?
9
What is the thousands digit of 23866?
3
What is the units digit of 4?
4
What is the hundreds digit of 17460?
4
What is the thousands digit of 1145?
1
What is the tens digit of 31298?
9
What is the units digit of 30877?
7
What is the ten thousands digit of 52423?
5
What is the hundreds digit of 26003?
0
What is the hundreds digit of 1374?
3
What is the ten thousands digit of 34769?
3
What is the units digit of 36950?
0
What is the tens digit of 4400?
0
What is the hundreds digit of 445?
4
What is the thousands digit of 22356?
2
What is the thousands digit of 8115?
8
What is the thousands digit of 6558?
6
What is the units digit of 20796?
6
What is the tens digit of 521?
2
What is the hundreds digit of 6459?
4
What is the thousands digit of 17806?
7
What is the ten thousands digit of 27661?
2
What is the hundreds digit of 955?
9
What is the hundreds digit of 18306?
3
What is the tens digit of 10937?
3
What is the hundreds digit of 794?
7
What is the hundreds digit of 630?
6
What is the hundreds digit of 8088?
0
What is the thousands digit of 7770?
7
What is the tens digit of 879?
7
What is the tens digit of 3805?
0
What is the units digit of 65843?
3
What is the units digit of 14632?
2
What is the units digit of 806?
6
What is the thousands digit of 3149?
3
What is the units digit of 3623?
3
What is the hundreds digit of 2693?
6
What is the units digit of 12690?
0
What is the hundreds digit of 870?
8
What is the tens digit of 20765?
6
What is the ten thousands digit of 20114?
2
What is the hundreds digit of 83332?
3
What is the tens digit of 1895?
9
What is the hundreds digit of 8192?
1
What is the units digit of 676?
6
What is the ten thousands digit of 17182?
1
What is the units digit of 1168?
8
What is the units digit of 101669?
9
What is the hundreds digit of 2086?
0
What is the hundreds digit of 1067?
0
What is the hundreds digit of 962?
9
What is the tens digit of 1832?
3
What is the ten thousands digit of 14717?
1
What is the hundreds digit of 264?
2
What is the thousands digit of 7486?
7
What is the tens digit of 2805?
0
What is the units digit of 3786?
6
What is the units digit of 38645?
5
What is the tens digit of 926?
2
What is the hundreds digit of 162939?
9
What is the hundreds digit of 8394?
3
What is the units digit of 7090?
0
What is the tens digit of 42107?
0
What is the hundreds digit of 15411?
4
What is the units digit of 389?
9
What is the hundreds digit of 14732?
7
What is the tens digit of 11?
1
What is the thousands digit of 1366?
1
What is the units digit of 23081?
1
What is the tens digit of 110?
1
What is the thousands digit of 6078?
6
What is the tens digit of 34552?
5
What is the units digit of 1588?
8
What is the ten thousands digit of 26704?
2
What is the tens digit of 122531?
3
What is the tens digit of 13601?
0
What is the hundreds digit of 100?
1
What is the hundreds digit of 138?
1
What is the thousands digit of 1136?
1
What is the units digit of 32694?
4
What is the hundreds digit of 14317?
3
What is the units digit of 423?
3
What is the units digit of 20348?
8
What is the tens digit of 751?
5
What is the tens digit of 7437?
3
What is the units digit of 622?
2
What is the units digit of 43397?
7
What is the hundred thousands digit of 169182?
1
What is the tens digit of 811?
1
What is the thousands digit of 27722?
7
What is the tens digit of 49259?
5
What is the units digit of 3387?
7
What is the hundreds digit of 719?
7
What is the ten thousands digit of 15404?
1
What is the tens digit of 2794?
9
What is the tens digit of 3397?
9
What is the thousands digit of 1108?
1
What is the hundreds digit of 10098?
0
What is the thousands digit of 105773?
5
What is the hundreds digit of 16532?
5
What is the hundreds digit of 5122?
1
What is the tens digit of 1240?
4
What is the hundreds digit of 142365?
3
What is the tens digit of 23712?
1
What is the thousands digit of 34574?
4
What is the hundreds digit of 38003?
0
What is the units digit of 37831?
1
What is the hundreds digit of 2823?
8
What is the thousands digit of 33948?
3
What is the tens digit of 1935?
3
What is the ten thousands digit of 26295?
2
What is the thousands digit of 34507?
4
What is the units digit of 8998?
8
What is the tens digit of 25805?
0
What is the tens digit of 133457?
5
What is the thousands digit of 3719?
3
What is the tens digit of 447?
4
What is the ten thousands digit of 87368?
8
What is the hundreds digit of 14801?
8
What is the hundreds digit of 9001?
0
What is the tens digit of 30844?
4
What is the thousands digit of 127162?
7
What is the hundreds digi